Skip Navigation Links
Click to go to the Boulder Creek Weather homepage        
Weather in Boulder Creek, California
navigation bar decoration
 
 

Current NOAA Weather Summary


                  MONTHLY CLIMATOLOGICAL SUMMARY FOR 7/2018
                                        HEAT  COOL        
     MEAN                               DEG   DEG       WIND SPEED       DOM MEAN  MEAN
DAY  TEMP  HIGH   TIME     LOW   TIME   DAYS  DAYS RAIN AVG  HI  TIME    DIR BAROM HUM
---------------------------------------------------------------------------------------
1    64.4  83.2  11:34am  52.5   4:03am    5    5  0.00   2  16  12:13pm   S 29.96   75
2    64.2  79.7  12:33pm  54.2   6:03am    5    4  0.00   1  13  12:40pm   S 29.93   75
3    57.2  68.1   2:45pm  53.0   4:39am    8    0  0.01   1  13   1:33pm   S 29.89   83
4    59.9  72.9   3:26pm  53.4   4:38am    6    1  0.00   2  13   2:11pm   S 29.99   77
5    66.9  94.1   3:16pm  47.1   6:36am    6    8  0.00   1  12   4:07pm   S 30.09   66
6    74.8  99.8   2:02pm  59.9   5:43am    2   11  0.00   1  11   2:52pm NNW 30.06   56
7    73.5  96.2  11:50am  54.6   6:39am    2   11  0.00   1  11   2:45pm  NW 29.97   44
8    73.5  97.6   2:03pm  55.5   7:10am    2    8  0.00   1  13   4:13pm  NW 29.98   44
9    74.6 102.5   1:40pm  52.0   7:10am    3   13  0.00   1  11   5:40pm NNW 30.01   35
10   72.0  97.6   2:03pm  55.5   7:10am    2    9  0.00   1  13   4:13pm  NW 29.97   46
11   66.9  91.5   3:02pm  48.9   6:57am    5    7  0.00   2  14   3:58pm   S 29.87   66
12   67.8  89.5   2:07pm  54.2   7:10am    4    7  0.00   1  12   1:51pm   S 29.93   65
13   72.9  93.9   3:14pm  59.4   6:04am    2    9  0.00   1  14   3:51pm   S 29.99   61
14   71.6  92.4   2:54pm  56.3   6:52am    3    9  0.00   1  12   2:20pm   S 29.98   66
15   68.4  87.8   2:27pm  51.5   6:45am    4    8  0.00   1  15   1:35pm   S 29.95   68
16   68.6  90.9   3:18pm  53.9   5:37am    4    8  0.00   2  15   1:22pm   S 29.95   69
17   67.2  94.4   3:16pm  51.0   6:44am    4    6  0.00   1  12   2:08pm   S 29.97   71
---------------------------------------------------------------------------------------
TOT  68.5 102.5   7/9/18  47.1   7/5/18   67  123  0.01   1  16   7/1/18   S 29.97   62

HEAT BASE: 65.0
COOL BASE: 65.0


                  YEARLY CLIMATOLOGICAL SUMMARY FOR 2018
                                        HEAT  COOL        
     MEAN                               DEG   DEG       WIND SPEED       DOM MEAN  MEAN
MON  TEMP  HIGH   DATE     LOW   DATE   DAYS  DAYS RAIN AVG  HI  DATE    DIR BAROM HUM
---------------------------------------------------------------------------------------
1    51.4  81.0  1/31/18  35.7  1/13/18  275    4  7.87   0  13   1/9/18   S 30.11   92
2    48.7  87.2   2/8/18  25.2  2/24/18  489   33  0.77   1  16  2/22/18   N 30.12   71
3    50.3  94.1  3/29/18  27.9   3/5/18  487   33 11.12   1  22  3/21/18   S 30.05   82
4    55.0  93.1  4/22/18  34.8  4/13/18  358   57  2.90   1  14   4/1/18   N 30.07   73
5    58.0  97.1  5/28/18  41.8   5/1/18  287   70  0.07   1  16  5/18/18   N 29.99   74
6    63.6 104.1  6/23/18  41.7  6/10/18  202  161  0.00   1  16   6/9/18   S 29.92   67
7    68.5 102.5   7/9/18  47.1   7/5/18   68  126  0.01   1  16   7/1/18   S 29.97   62
---------------------------------------------------------------------------------------
TOT  56.0 104.1  6/23/18  25.2  2/24/18 2166  485 22.74   1  22  3/21/18   N 30.03   74

HEAT BASE: 65.0
COOL BASE: 65.0


USA Weather Finder
Copyright 2007 All rights reserved Boulder-Creek.com. 
Revised: 29 Mar 2008 09:48 -0800 GMT (Pacific)