Skip Navigation Links
Click to go to the Boulder Creek Weather homepage        
Weather in Boulder Creek, California
navigation bar decoration
 
 

Current NOAA Weather Summary


                  MONTHLY CLIMATOLOGICAL SUMMARY FOR 12/2017
                                        HEAT  COOL        
     MEAN                               DEG   DEG       WIND SPEED       DOM MEAN  MEAN
DAY  TEMP  HIGH   TIME     LOW   TIME   DAYS  DAYS RAIN AVG  HI  TIME    DIR BAROM HUM
---------------------------------------------------------------------------------------
1    46.3  68.9   1:14pm  33.8   7:08am   19    0  0.00   0   5   2:04pm NNW 30.08   88
2    47.5  66.2   1:34pm  36.2   7:14am   18    0  0.00   0   2   7:14am   N 30.03   90
3    47.0  59.5   1:19pm  39.5   8:23pm   18    0  0.03   1   8   4:11am   N 30.16   84
4    49.0  60.3   1:17pm  41.8   7:35am   16    0  0.00   1  17   2:30pm   N 30.14   49
5    45.9  70.1   1:23pm  32.6   7:35am   19    0  0.00   1  11   2:19pm   S 30.22   65
6    42.8  72.1   1:31pm  29.3   7:35am   23    0  0.00   0   4   2:31pm NNW 30.27   78
7    43.2  71.8   1:33pm  29.5   7:16am   22    0  0.00   0   3   2:02pm ESE 30.38   82
8    42.9  68.0   1:26pm  30.0   6:30am   22    0  0.00   0   0  12:00am   N 30.40   86
9    45.3  71.5   1:41pm  31.8   7:35am   20    0  0.00   0   0  12:00am   N 30.29   87
10   45.0  75.5   1:30pm  30.3   7:22am   21    1  0.00   0   0  12:00am   N 30.24   83
11   45.4  74.9   1:28pm  31.4   6:44am   20    1  0.00   0   3   2:04pm   S 30.28   80
12   45.1  74.8   1:35pm  31.1   7:00am   21    1  0.00   0   7   1:34pm   S 30.25   74
13   44.0  74.6   1:39pm  28.9   6:46am   22    1  0.00   0   6  12:53pm   N 30.11   76
14   46.7  74.4   1:40pm  33.1   7:28am   19    1  0.00   1   8  10:41am   S 30.09   78
15   46.9  67.4   1:38pm  32.9   6:52am   18    0  0.00   0   9  10:10pm   S 30.11   83
16   52.7  62.2  12:48pm  46.0   4:01am   12    0  0.00   2  19   9:24am   N 29.93   49
17   53.7  66.7   1:14pm  45.4   8:28am    8    0  0.00   1   9  12:22pm   N 29.99   33
---------------------------------------------------------------------------------------
TOT  46.3  75.5 12/10/17  28.9 12/13/17  318    6  0.03   0  19 12/16/17   N 30.18   75

HEAT BASE: 65.0
COOL BASE: 65.0


                  YEARLY CLIMATOLOGICAL SUMMARY FOR 2017
                                        HEAT  COOL        
     MEAN                               DEG   DEG       WIND SPEED       DOM MEAN  MEAN
MON  TEMP  HIGH   DATE     LOW   DATE   DAYS  DAYS RAIN AVG  HI  DATE    DIR BAROM HUM
---------------------------------------------------------------------------------------
1    45.3  78.2  1/30/17  27.9   1/6/17  614    3 27.32   1  29   1/8/17   S 30.06   91
2    49.7  76.0  2/14/17  30.7  2/25/17  430    2 21.24   1  29  2/20/17   S 30.01   89
3    53.6  92.7  3/13/17  30.0   3/1/17  402   48  6.36   1  20  3/21/17   N 30.12   78
4    55.3  92.7  4/30/17  33.6  4/10/17  343   52  6.02   1  25   4/7/17   N 30.05   74
5    60.0 100.3  5/20/17  38.2  5/18/17  268  114  0.03   1  18   5/5/17   N 29.95   70
6    65.5 105.4  6/17/17  41.3   6/5/17  169  185  0.05   1  16  6/18/17   S 29.92   68
7    69.1 110.4   7/7/17  46.2  7/22/17  141  267  0.00   1  15   7/2/17   S 29.94   62
8    68.7 110.3  8/31/17  46.2  8/31/17  118  233  0.00   1  15   8/1/17   S 29.90   69
9    67.1 120.6   9/2/17  39.9  9/24/17  136  200  0.00   1  16  9/11/17   S 29.90   65
10   59.7 104.7 10/24/17  35.1 10/13/17  302  138  0.30   1  14 10/15/17   N 29.99   61
11   52.3  83.3 11/21/17  32.8 11/18/17  394   15  5.65   0  19 11/26/17   S 30.08   88
12   46.3  75.5 12/10/17  28.9 12/13/17  318    6  0.03   0  19 12/16/17   N 30.18   75
---------------------------------------------------------------------------------------
TOT  58.2 120.6   9/2/17  27.9   1/6/17 3633 1263  5.97   1  29   1/8/17   S 30.00   74

HEAT BASE: 65.0
COOL BASE: 65.0


USA Weather Finder
Copyright 2007 All rights reserved Boulder-Creek.com. 
Revised: 29 Mar 2008 09:48 -0800 GMT (Pacific)