Day for Current Month NOAA Weather Summary

                  MONTHLY CLIMATOLOGICAL SUMMARY FOR 5/2022
                                        HEAT  COOL        
     MEAN                               DEG   DEG       WIND SPEED       DOM MEAN  MEAN
DAY  TEMP  HIGH   TIME     LOW   TIME   DAYS  DAYS RAIN AVG  HI  TIME    DIR BAROM HUM
---------------------------------------------------------------------------------------
1    59.5  82.3   1:40pm  46.7   7:50am    9    3  0.00   0  10   4:30pm NNW 29.93   61
2    52.8  67.1   2:50pm  42.9  11:50pm   12    0  0.00   0  11  11:40am   N 30.02   74
3    60.1  84.1   2:50pm  38.4   4:00am   10    5  0.00   0   9   5:30pm NNW 29.98   50
4    63.6  91.5   2:54pm  40.3   6:51am    9    8  0.00   0  10   6:41pm   S 29.94   58
5    58.9  78.7   2:18pm  44.2   6:50am    9    3  0.00   0  12   5:21pm   N 30.02   63
6    62.9  85.1   1:36pm  48.5   6:27am    6    4  0.00   0   8   4:00pm   N 30.05   70
7    56.1  69.7   1:41pm  46.6  11:57pm    9    0  0.00   0  12  10:25am   N 30.05   70
8    50.1  60.5   3:06pm  44.6   6:40am   15    0  0.00   0  14  11:14am   N 30.02   69
9    49.5  66.4   1:44pm  39.6   6:53am   16    0  0.00   0  11   2:59pm   N 30.07   67
10   47.6  66.0   1:29pm  34.1   6:57am   17    0  0.00   0   9  11:20am   N 30.17   69
11   52.5  71.9   2:13pm  37.9   7:04am   13    1  0.00   0  12   2:06pm   N 30.24   66
12   53.2  72.2   1:48pm  39.2   6:52am   12    1  0.00   0  10   3:24pm   N 30.30   69
13   60.8  86.8   1:10pm  41.9   6:30am    9    5  0.00   0  10   6:30pm  NW 30.18   68
14   66.5  90.7   2:20pm  46.1   6:30am    6    8  0.00   0  10   6:30pm NNW 30.04   61
15   61.2  80.6   2:16pm  47.5   7:00am    7    3  0.00   0  13   6:30pm   N 29.99   69
16   58.1  75.7   2:36pm  49.0  11:58pm    8    1  0.00   0  12   1:55pm   N 30.05   73
17   58.3  83.7   1:05pm  43.4   6:31am    7    3  0.00   0   6   3:02pm   W 30.04   72
---------------------------------------------------------------------------------------
TOT  57.1  91.5   5/4/22  34.1  5/10/22  177   45  0.00   0  14   5/8/22   N 30.06   66

HEAT BASE: 65.0
COOL BASE: 65.0

From Boulder-Creek.com Weather Station

Month for Current Year NOAA Weather Summary

                  YEARLY CLIMATOLOGICAL SUMMARY FOR 2022
                                        HEAT  COOL        
     MEAN                               DEG   DEG       WIND SPEED       DOM MEAN  MEAN
MON  TEMP  HIGH   DATE     LOW   DATE   DAYS  DAYS RAIN AVG  HI  DATE    DIR BAROM HUM
---------------------------------------------------------------------------------------
1    47.4  74.6  1/12/22  27.7   1/2/22  554   10  0.56   0  13   1/2/22   S 30.19   82
2    49.5  88.3  2/10/22  25.5  2/24/22  474   41  0.06   0  13  2/15/22   S 30.17   64
3    52.9  90.1  3/23/22  29.4  3/11/22  426   52  2.31   0  31  3/27/22   S 30.09   70
4    54.9 100.0   4/7/22  33.8  4/18/22  366   63  3.38   0  20  4/16/22   N 30.06   70
5    57.1  91.5   5/4/22  34.1  5/10/22  177   45  0.00   0  14   5/8/22   N 30.06   66
---------------------------------------------------------------------------------------
TOT  51.9 100.0   4/7/22  25.5  2/24/22 1997  211  6.31   0  31  3/27/22   S 30.12   71

HEAT BASE: 65.0
COOL BASE: 65.0

From Boulder-Creek.com Weather Station