Day for Current Month NOAA Weather Summary

                  MONTHLY CLIMATOLOGICAL SUMMARY FOR 6/2018
                                        HEAT  COOL        
     MEAN                               DEG   DEG       WIND SPEED       DOM MEAN  MEAN
DAY  TEMP  HIGH   TIME     LOW   TIME   DAYS  DAYS RAIN AVG  HI  TIME    DIR BAROM HUM
---------------------------------------------------------------------------------------
1    62.7  90.1   2:47pm  42.6   5:29am    8    6  0.00   1   9   6:34pm NNW 30.04   61
2    71.6 102.8   1:36pm  46.0   6:24am    6   13  0.00   1   8   2:39pm  NW 29.95   54
3    71.0  96.2   1:22pm  50.8   6:35am    4   10  0.00   1  14   2:02pm   S 29.87   57
4    63.9  82.2  12:59pm  51.9  11:54pm    6    4  0.00   1  14  12:02pm   N 29.90   59
5    57.1  75.7   1:18pm  45.8   6:43am    9    2  0.00   1  14   4:06pm NNW 29.92   72
6    55.4  69.4   2:24pm  46.3   5:29am   10    0  0.00   1  12  12:01pm   N 29.94   76
7    59.9  77.9   2:37pm  51.9  11:58pm    7    2  0.00   2  15   3:39pm   N 30.01   66
8    63.6  88.5   1:40pm  46.6   3:09am    7    6  0.00   1  12   3:29pm NNW 30.04   63
9    58.3  67.7  10:22am  49.8  11:56pm    7    0  0.00   1  16   1:20pm NNW 30.07   71
10   58.2  82.3   1:13pm  41.7   6:11am   10    3  0.00   1  12   6:21pm NNW 30.07   62
11   65.3  92.4   1:14pm  45.4   6:40am    7    7  0.00   1  13   4:03pm NNW 29.92   63
12   70.7 100.6   2:36pm  48.0   6:43am    5   11  0.00   1  12   5:02pm  NW 29.81   59
13   67.4  93.1   3:12pm  48.2   6:37am    5    8  0.00   1  12  12:34pm   S 29.79   61
14   61.9  79.6   2:50pm  48.5   6:30am    7    4  0.00   1  14  12:40pm   S 29.80   70
15   58.1  72.5   2:25pm  51.4   6:50am    8    1  0.00   1  14   2:40pm   S 29.77   77
16   54.4  59.0   1:26pm  51.0   6:28am   11    0  0.00   2  11  10:40am   S 29.77   86
17   55.8  63.1   4:19pm  50.3   5:10am    9    0  0.00   1   9   1:38pm   S 29.92   84
18   66.0  86.7   3:18pm  52.7   6:26am    5    6  0.00   1  12   1:21pm   S 30.01   69
19   66.5  91.8   2:46pm  49.1   7:18am    6    7  0.00   1  12  12:54pm   S 29.99   66
20   65.0  91.4   1:04pm  48.4   7:26am    7    7  0.00   1  10   2:31pm NNW 29.97   63
21   49.0  52.1  12:00am  47.4   4:59am    5    0  0.00   0   4   2:07am   N 29.99   90
---------------------------------------------------------------------------------------
TOT  62.4 102.8   6/2/18  41.7  6/10/18  149   97  0.00   1  16   6/9/18 NNW 29.93   67

HEAT BASE: 65.0
COOL BASE: 65.0

From Boulder-Creek.com Weather Station

Month for Current Year NOAA Weather Summary

                  YEARLY CLIMATOLOGICAL SUMMARY FOR 2018
                                        HEAT  COOL        
     MEAN                               DEG   DEG       WIND SPEED       DOM MEAN  MEAN
MON  TEMP  HIGH   DATE     LOW   DATE   DAYS  DAYS RAIN AVG  HI  DATE    DIR BAROM HUM
---------------------------------------------------------------------------------------
1    51.4  81.0  1/31/18  35.7  1/13/18  275    4  7.87   0  13   1/9/18   S 30.11   92
2    48.7  87.2   2/8/18  25.2  2/24/18  489   33  0.77   1  16  2/22/18   N 30.12   71
3    50.3  94.1  3/29/18  27.9   3/5/18  487   33 11.12   1  22  3/21/18   S 30.05   82
4    55.0  93.1  4/22/18  34.8  4/13/18  358   57  2.90   1  14   4/1/18   N 30.07   73
5    58.0  97.1  5/28/18  41.8   5/1/18  287   70  0.07   1  16  5/18/18   N 29.99   74
6    62.4 102.8   6/2/18  41.7  6/10/18  149   97  0.00   1  16   6/9/18 NNW 29.93   67
---------------------------------------------------------------------------------------
TOT  54.1 102.8   6/2/18  25.2  2/24/18 2044  295 22.73   1  22  3/21/18   N 30.05   76

HEAT BASE: 65.0
COOL BASE: 65.0

From Boulder-Creek.com Weather Station