Day for Current Month NOAA Weather Summary

                  MONTHLY CLIMATOLOGICAL SUMMARY FOR 8/2018
                                        HEAT  COOL        
     MEAN                               DEG   DEG       WIND SPEED       DOM MEAN  MEAN
DAY  TEMP  HIGH   TIME     LOW   TIME   DAYS  DAYS RAIN AVG  HI  TIME    DIR BAROM HUM
---------------------------------------------------------------------------------------
1    69.9  97.6   2:03pm  49.7   7:13am    5   10  0.00   1  12   2:19pm SSE 29.93   59
2    68.5  96.2   1:49pm  49.5   6:59am    5    9  0.00   1  11   2:32pm NNW 29.93   57
3    69.7  95.2   3:06pm  46.1   7:04am    6   11  0.00   1  15   3:17pm   S 29.92   57
4    72.5 102.5   1:40pm  51.0   7:03am    4   11  0.00   1  13   3:49pm   N 29.90   45
5    71.6  96.6   2:06pm  50.3   7:21am    4   10  0.00   1  10  11:25am   N 29.92   46
6    72.9 103.0   2:21pm  48.6   7:12am    4   12  0.00   1  11   2:54pm   N 29.95   42
7    70.2  94.0   3:21pm  50.3   7:03am    4    9  0.00   1  10  12:58pm   N 29.88   47
8    69.7  93.2   2:59pm  49.7   6:58am    5    9  0.00   1  12   3:43pm   S 29.89   60
9    74.4 102.6   3:02pm  52.3   7:05am    3   13  0.00   1  13   4:25pm   S 29.90   57
10   72.9  98.9   1:52pm  52.7   7:07am    3   11  0.00   1  16   1:54pm   S 29.94   55
11   71.7  99.9   2:49pm  52.9   7:06am    3   10  0.00   1  13   6:07pm   N 29.95   52
12   68.9  92.6   1:22pm  50.4   7:16am    4    8  0.00   1  15   1:41pm   S 29.92   55
13   66.5  89.5   2:56pm  50.7   7:15am    5    6  0.00   1  12   4:32pm   S 29.93   69
14   63.1  83.4   2:31pm  53.1   4:15am    4    3  0.00   1   8   9:24am NNW 29.92   77
---------------------------------------------------------------------------------------
TOT  70.3 103.0   8/6/18  46.1   8/3/18   59  132  0.00   1  16  8/10/18   S 29.92   55

HEAT BASE: 65.0
COOL BASE: 65.0

From Boulder-Creek.com Weather Station

Month for Current Year NOAA Weather Summary

                  YEARLY CLIMATOLOGICAL SUMMARY FOR 2018
                                        HEAT  COOL        
     MEAN                               DEG   DEG       WIND SPEED       DOM MEAN  MEAN
MON  TEMP  HIGH   DATE     LOW   DATE   DAYS  DAYS RAIN AVG  HI  DATE    DIR BAROM HUM
---------------------------------------------------------------------------------------
1    51.4  81.0  1/31/18  35.7  1/13/18  275    4  7.87   0  13   1/9/18   S 30.11   92
2    48.7  87.2   2/8/18  25.2  2/24/18  489   33  0.77   1  16  2/22/18   N 30.12   71
3    50.3  94.1  3/29/18  27.9   3/5/18  487   33 11.12   1  22  3/21/18   S 30.05   82
4    55.0  93.1  4/22/18  34.8  4/13/18  358   57  2.90   1  14   4/1/18   N 30.07   73
5    58.0  97.1  5/28/18  41.8   5/1/18  287   70  0.07   1  16  5/18/18   N 29.99   74
6    63.6 104.1  6/23/18  41.7  6/10/18  202  161  0.00   1  16   6/9/18   S 29.92   67
7    69.9 108.2  7/25/18  47.1   7/5/18  107  247  0.01   1  16   7/1/18   S 29.97   62
8    70.3 103.0   8/6/18  46.1   8/3/18   59  132  0.00   1  16  8/10/18   S 29.92   55
---------------------------------------------------------------------------------------
TOT  57.8 108.2  7/25/18  25.2  2/24/18 2264  739 22.74   1  22  3/21/18   S 30.02   72

HEAT BASE: 65.0
COOL BASE: 65.0

From Boulder-Creek.com Weather Station