Day for Current Month NOAA Weather Summary

                  MONTHLY CLIMATOLOGICAL SUMMARY FOR 4/2019
                                        HEAT  COOL        
     MEAN                               DEG   DEG       WIND SPEED       DOM MEAN  MEAN
DAY  TEMP  HIGH   TIME     LOW   TIME   DAYS  DAYS RAIN AVG  HI  TIME    DIR BAROM HUM
---------------------------------------------------------------------------------------
1    54.8  71.8  12:07pm  42.8   6:43am   11    1  0.02   0   8   6:30pm NNW 29.98   81
2    52.5  58.8   2:15pm  47.8   2:00am   13    0  0.29   0  14   3:24pm SSE 29.91   93
3    53.3  59.1   4:54pm  49.6   6:20am   12    0  0.01   0   9   1:10pm   S 30.03   90
4    53.0  57.6   2:32pm  50.1   7:15am   12    0  0.00   1  12   1:25pm   S 30.02   88
5    52.6  60.9   3:28pm  48.4  11:08pm   12    0  0.32   1   9   5:56am   S 30.02   90
6    55.2  64.5   3:19pm  48.6  12:00am   10    0  0.02   1  11  12:13pm   S 30.12   88
7    61.2  82.9   1:45pm  47.8   7:18am    8    4  0.00   1  12   3:41pm   N 30.25   79
8    61.0  81.2  12:56pm  48.9   7:03am    7    3  0.00   1   8  12:08pm   N 30.19   81
9    55.6  68.8   2:30pm  47.3  11:59pm   10    0  0.00   1  14   3:27pm   N 30.22   76
10   55.2  73.9   2:15pm  41.9   7:09am   11    1  0.00   1  12  12:21pm   N 30.26   67
11   51.6  68.3   1:24pm  43.4   4:28am   14    0  0.00   1  15   4:35pm NNW 30.13   80
12   56.7  77.5   1:31pm  43.1   7:33am   10    2  0.00   1  10  12:48pm   N 29.94   69
13   58.8  83.8   1:58pm  39.9   7:23am   10    4  0.00   1   9  12:16pm   S 29.99   68
14   55.3  76.9   1:25pm  42.3   7:32am   12    2  0.00   1  11   4:06pm  NW 29.94   74
15   51.1  70.2  11:56am  40.4   7:06am   14    0  0.13   0   8  11:24am   S 29.90   77
16   53.6  65.5   3:08pm  45.5   7:45am   11    0  0.12   1  11   8:37pm   N 30.03   82
17   58.6  83.7   2:24pm  41.9   6:51am   10    4  0.00   1   8   3:52pm  NW 30.19   71
18   63.7  90.0   2:39pm  43.3   7:06am    8    7  0.00   1  10   3:42pm   S 30.09   68
19   49.8  55.4  12:00am  46.4   6:51am    5    0  0.00   0   1  12:06am   S 29.99   91
---------------------------------------------------------------------------------------
TOT  55.7  90.0  4/18/19  39.9  4/13/19  199   28  0.91   1  15  4/11/19   N 30.07   79

HEAT BASE: 65.0
COOL BASE: 65.0

From Boulder-Creek.com Weather Station

Month for Current Year NOAA Weather Summary

                  YEARLY CLIMATOLOGICAL SUMMARY FOR 2019
                                        HEAT  COOL        
     MEAN                               DEG   DEG       WIND SPEED       DOM MEAN  MEAN
MON  TEMP  HIGH   DATE     LOW   DATE   DAYS  DAYS RAIN AVG  HI  DATE    DIR BAROM HUM
---------------------------------------------------------------------------------------
1    49.0  78.9  1/27/19  26.9   1/2/19  503    7 15.22   1  28  1/16/19   S 30.08   89
2    44.7  65.5  2/24/19  27.6  2/19/19  568    0 21.32   1  28   2/2/19   N 29.98   88
3    50.3  86.1  3/17/19  30.8  3/14/19  474   19  8.07   1  25  3/27/19   N 30.06   82
4    55.7  90.0  4/18/19  39.9  4/13/19  199   28  0.91   1  15  4/11/19   N 30.07   79
---------------------------------------------------------------------------------------
TOT  49.4  90.0  4/18/19  26.9   1/2/19 1745   54 45.52   1  28  1/16/19   S 30.05   85

HEAT BASE: 65.0
COOL BASE: 65.0

From Boulder-Creek.com Weather Station