Day for Current Month NOAA Weather Summary

                  MONTHLY CLIMATOLOGICAL SUMMARY FOR 4/2024
                                        HEAT  COOL        
     MEAN                               DEG   DEG       WIND SPEED       DOM MEAN  MEAN
DAY  TEMP  HIGH   TIME     LOW   TIME   DAYS  DAYS RAIN AVG  HI  TIME    DIR BAROM HUM
---------------------------------------------------------------------------------------
1    55.0  78.3   2:51pm  40.5   7:05am   12    2  0.00   0   1   1:56pm SSE 30.01   72
2    56.7  82.6   2:35pm  38.2   7:20am   12    3  0.00   0  13   1:08pm   S 30.24   68
3    53.0  73.9   1:29pm  42.8   7:10am   13    1  0.00   0  11   5:41pm   N 30.14   79
4    43.7  51.4   2:27pm  39.4  11:59pm   21    0  0.74   0  19   2:29pm SSE 29.81   87
5    44.5  59.4   2:15pm  37.4   1:50am   21    0  0.05   0  12  12:09pm NNE 29.93   82
6    46.5  66.1   2:09pm  32.9   7:16am   18    0  0.00   0   4   1:52pm   S 30.27   75
7    46.8  62.9   1:05pm  33.9   6:59am   18    0  0.00   0   9   5:06pm   N 30.19   79
8    52.8  75.3   2:02pm  35.5   7:15am   14    1  0.00   0   9   6:40pm   N 30.09   68
9    57.3  81.2   2:21pm  37.0   7:18am   12    4  0.00   0  14   1:54pm   S 30.13   67
10   62.4  89.4   2:42pm  40.3   7:17am    9    7  0.00   0   4  11:48am   S 30.06   65
11   64.2  93.9   2:24pm  45.2   7:23am    8    7  0.00   0   9   3:45pm NNW 29.89   65
12   52.9  66.2   1:12pm  44.8   7:30am   12    0  0.00   0  20  11:58pm   S 29.77   79
13   46.1  51.7  12:00am  41.9   8:21am   19    0  1.31   1  27   2:44am   S 29.88   94
14   49.7  61.9   1:23pm  43.9  12:39am   15    0  0.65   0   8   1:34pm   N 30.05   89
15   53.6  67.3   1:14pm  44.3   6:23am   11    0  0.00   0  13   2:00pm   S 30.16   82
16   58.7  82.2   2:10pm  41.6   7:24am   10    4  0.00   0   8   2:46pm   W 30.10   72
17   63.2  89.2   2:01pm  44.2   7:22am    8    6  0.00   0   5  11:14am   S 29.99   71
18   59.4  79.4   1:33pm  46.8   7:28am    8    3  0.00   0  15   4:58pm   S 29.93   78
19   57.5  76.5   2:55pm  47.7   6:18am    9    2  0.00   0  12   1:43pm   S 29.96   78
20   60.7  86.3   2:26pm  45.9   6:53am    9    5  0.00   0   7   3:10pm   N 30.04   63
21   63.4  87.4   2:45pm  42.4   7:09am    8    7  0.00   0  13   1:33pm   S 29.99   66
22   56.8  70.8   1:03pm  48.6   6:40am    9    1  0.00   0  16   1:23pm   S 29.85   80
23   53.4  59.6   2:59pm  50.7   7:47am   12    0  0.00   0  13  12:50pm   S 29.97   79
24   54.4  58.8   2:59pm  50.9   3:57am   11    0  0.00   0   4  11:20am SSW 30.05   78
---------------------------------------------------------------------------------------
TOT  54.7  93.9  4/11/24  32.9   4/6/24  299   52  2.75   0  27  4/13/24   S 30.02   76

HEAT BASE: 65.0
COOL BASE: 65.0

From Boulder-Creek.com Weather Station

Month for Current Year NOAA Weather Summary

                  YEARLY CLIMATOLOGICAL SUMMARY FOR 2024
                                        HEAT  COOL        
     MEAN                               DEG   DEG       WIND SPEED       DOM MEAN  MEAN
MON  TEMP  HIGH   DATE     LOW   DATE   DAYS  DAYS RAIN AVG  HI  DATE    DIR BAROM HUM
---------------------------------------------------------------------------------------
1    48.6  76.7  1/29/24  29.9   1/8/24  512    4 13.19   0  30  1/31/24 SSE 30.09   92
2    48.8  77.8  2/24/24  33.3   2/9/24  473    5 13.41   0  37   2/4/24 SSE 30.00   89
3    51.2  84.6  3/18/24  35.7   3/8/24  447   19  7.73   0  23   3/1/24 SSE 30.00   81
4    54.7  93.9  4/11/24  32.9   4/6/24  299   52  2.75   0  27  4/13/24   S 30.02   76
---------------------------------------------------------------------------------------
TOT  50.6  93.9  4/11/24  29.9   1/8/24 1732   80 37.08   0  37   2/4/24 SSE 30.03   85

HEAT BASE: 65.0
COOL BASE: 65.0

From Boulder-Creek.com Weather Station