Day for Current Month NOAA Weather Summary

                  MONTHLY CLIMATOLOGICAL SUMMARY FOR 7/2017
                                        HEAT  COOL        
     MEAN                               DEG   DEG       WIND SPEED       DOM MEAN  MEAN
DAY  TEMP  HIGH   TIME     LOW   TIME   DAYS  DAYS RAIN AVG  HI  TIME    DIR BAROM HUM
---------------------------------------------------------------------------------------
1    59.5  76.2   3:21pm  51.9   4:14am    7    2  0.00   2  11   1:30am NNW 29.91   77
2    61.5  81.4   3:03pm  50.5   6:18am    7    3  0.00   1  15   3:31pm   S 29.95   76
3    64.7  86.0   2:41pm  50.3   6:19am    6    5  0.00   1  12   1:54pm   S 30.00   72
4    67.2  91.5   2:45pm  51.9   7:03am    5    7  0.00   1  15   3:41pm   S 29.97   67
5    69.9  96.9   2:24pm  51.8   6:36am    5    9  0.00   1  11   3:44pm   S 29.99   64
6    75.1 104.7   2:14pm  53.3   6:43am    3   13  0.00   1  10   2:58pm  NW 30.01   52
7    79.4 110.4   1:57pm  55.0   6:54am    2   17  0.00   1  12   5:30pm   N 29.95   40
8    79.0 103.9   1:51pm  58.4   6:49am    1   15  0.00   1  13   3:56pm   N 29.88   35
9    73.4 100.9  12:04pm  53.7   7:02am    3   11  0.00   1  13  12:23pm   S 29.87   51
10   70.6  96.1   3:26pm  50.9   7:01am    4   10  0.00   1  11  11:07am SSE 29.88   62
11   68.7  91.8   2:07pm  50.4   6:58am    5    8  0.00   1  14   2:48pm   S 29.89   59
12   66.7  88.2   3:07pm  50.3   6:48am    5    7  0.00   2  15   4:03pm   S 29.93   64
13   67.0  89.4   2:45pm  52.4   6:36am    5    7  0.00   1  12   3:41pm   S 29.98   68
14   67.6  92.8   2:48pm  49.2   7:00am    5    8  0.00   1  12   2:51pm   S 30.00   66
15   74.3 105.7   3:25pm  50.2   6:43am    5   14  0.00   1  13   2:20pm   S 29.97   57
16   79.1 108.6   1:44pm  54.8   6:53am    2   16  0.00   1   8   2:35pm NNW 29.87   43
17   77.1 104.8   1:44pm  55.5   7:00am    2   14  0.00   1   9  12:59pm   N 29.85   33
18   68.1  91.3   1:29pm  52.6   7:40am    4    7  0.00   1  10   5:12pm NNW 29.96   55
19   65.8  92.2   1:58pm  46.3   6:52am    7    7  0.00   1  12  11:34am NNW 29.99   62
20   66.8  90.0   2:04pm  49.1   6:54am    5    7  0.00   1  10   1:48pm NNW 30.02   60
21   66.5  92.8   2:31pm  49.2   5:59am    6    7  0.00   1  12   3:34pm NNW 29.97   61
---------------------------------------------------------------------------------------
TOT  69.9 110.4   7/7/17  46.3  7/19/17   93  196  0.00   1  15   7/2/17   S 29.95   58

HEAT BASE: 65.0
COOL BASE: 65.0

From Boulder-Creek.com Weather Station

Month for Current Year NOAA Weather Summary

                  YEARLY CLIMATOLOGICAL SUMMARY FOR 2017
                                        HEAT  COOL        
     MEAN                               DEG   DEG       WIND SPEED       DOM MEAN  MEAN
MON  TEMP  HIGH   DATE     LOW   DATE   DAYS  DAYS RAIN AVG  HI  DATE    DIR BAROM HUM
---------------------------------------------------------------------------------------
1    45.3  78.2  1/30/17  27.9   1/6/17  614    3 27.32   1  29   1/8/17   S 30.06   91
2    49.7  76.0  2/14/17  30.7  2/25/17  430    2 21.24   1  29  2/20/17   S 30.01   89
3    53.6  92.7  3/13/17  30.0   3/1/17  402   48  6.36   1  20  3/21/17   N 30.12   78
4    55.3  92.7  4/30/17  33.6  4/10/17  343   52  6.02   1  25   4/7/17   N 30.05   74
5    60.0 100.3  5/20/17  38.2  5/18/17  268  114  0.03   1  18   5/5/17   N 29.95   70
6    65.5 105.4  6/17/17  41.3   6/5/17  169  185  0.05   1  16  6/18/17   S 29.92   68
7    69.9 110.4   7/7/17  46.3  7/19/17   93  196  0.00   1  15   7/2/17   S 29.95   58
---------------------------------------------------------------------------------------
TOT  56.5 110.4   7/7/17  27.9   1/6/17 2317  600 61.02   1  29   1/8/17   S 30.01   76

HEAT BASE: 65.0
COOL BASE: 65.0

From Boulder-Creek.com Weather Station