Day for Current Month NOAA Weather Summary

                  MONTHLY CLIMATOLOGICAL SUMMARY FOR 4/2017
                                        HEAT  COOL        
     MEAN                               DEG   DEG       WIND SPEED       DOM MEAN  MEAN
DAY  TEMP  HIGH   TIME     LOW   TIME   DAYS  DAYS RAIN AVG  HI  TIME    DIR BAROM HUM
---------------------------------------------------------------------------------------
1    59.3  83.7   2:41pm  40.8   6:31am   10    5  0.00   1  10   1:16pm NNW 29.99   59
2    60.8  89.9   2:47pm  44.4   4:46am    9    5  0.00   1  10  10:57am   S 29.97   68
3    57.5  84.3   2:11pm  40.5   7:26am   11    4  0.00   1  10   4:24pm NNW 29.95   61
4    56.8  82.5   2:12pm  36.7   5:11am   12    3  0.00   1  12   1:34pm   S 30.01   62
5    60.6  81.4   1:42pm  45.1   7:09am    8    4  0.00   1  11  12:34pm   S 30.01   56
6    51.7  64.6   2:55pm  43.8   9:43pm   13    0  1.41   2  24   5:21pm   S 29.89   74
7    53.4  58.2   1:18pm  45.2  12:00am   12    0  1.53   2  25  11:41pm   S 29.87   92
8    46.9  54.8   2:50pm  38.6  11:54pm   18    0  0.37   1  25  12:04am   N 30.09   88
9    48.3  70.8   2:48pm  33.7   7:12am   17    0  0.00   1   9   2:50pm   N 30.20   77
10   51.1  73.4   2:13pm  33.6   6:54am   15    1  0.00   0  10   4:11pm   N 30.16   78
11   53.6  66.6   1:34pm  46.5   2:54am   11    0  0.11   1  19   2:04pm   S 30.01   82
12   54.8  63.8   3:17pm  51.5   7:46am   10    0  0.84   2  19   4:07pm SSE 29.97   88
13   50.8  60.0   2:29pm  42.1  11:58pm   14    0  0.64   1  13  12:01am   N 30.03   86
14   50.1  69.2   2:29pm  38.0   6:31am   15    0  0.00   1  10   1:04pm   N 30.18   73
15   54.1  78.5   2:09pm  34.8   6:52am   13    2  0.00   0   6   2:28pm   N 30.04   69
16   48.6  56.5  12:07pm  44.5   5:22am   16    0  0.64   1  17  12:29pm SSE 29.97   91
17   52.8  58.9   3:41pm  50.1  11:27pm   12    0  0.31   0   8  12:00am   S 30.04   96
18   55.3  67.4   2:20pm  48.1  11:59pm   10    0  0.05   0  10   6:23pm   N 30.10   88
19   53.9  75.1   2:19pm  39.1   7:01am   12    1  0.01   0   8   4:13pm   N 30.23   75
20   56.9  76.9   2:56pm  46.3   7:21am   10    2  0.11   1  10   5:54pm NNW 30.25   75
21   60.8  89.7   2:33pm  41.4   6:27am   10    6  0.00   0   9   4:15pm NNW 30.08   62
---------------------------------------------------------------------------------------
TOT  54.2  89.9   4/2/17  33.6  4/10/17  260   33  6.02   1  25   4/7/17   N 30.05   76

HEAT BASE: 65.0
COOL BASE: 65.0

From Boulder-Creek.com Weather Station

Month for Current Year NOAA Weather Summary

                  YEARLY CLIMATOLOGICAL SUMMARY FOR 2017
                                        HEAT  COOL        
     MEAN                               DEG   DEG       WIND SPEED       DOM MEAN  MEAN
MON  TEMP  HIGH   DATE     LOW   DATE   DAYS  DAYS RAIN AVG  HI  DATE    DIR BAROM HUM
---------------------------------------------------------------------------------------
1    45.3  78.2  1/30/17  27.9   1/6/17  614    3 27.32   1  29   1/8/17   S 30.06   91
2    49.7  76.0  2/14/17  30.7  2/25/17  430    2 21.24   1  29  2/20/17   S 30.01   89
3    53.6  92.7  3/13/17  30.0   3/1/17  402   48  6.36   1  20  3/21/17   N 30.12   78
4    54.2  89.9   4/2/17  33.6  4/10/17  260   33  6.02   1  25   4/7/17   N 30.05   76
---------------------------------------------------------------------------------------
TOT  50.4  92.7  3/13/17  27.9   1/6/17 1704   86 60.94   1  29   1/8/17   S 30.06   84

HEAT BASE: 65.0
COOL BASE: 65.0

From Boulder-Creek.com Weather Station