Day for Current Month NOAA Weather Summary

                  MONTHLY CLIMATOLOGICAL SUMMARY FOR 12/2018
                                        HEAT  COOL        
     MEAN                               DEG   DEG       WIND SPEED       DOM MEAN  MEAN
DAY  TEMP  HIGH   TIME     LOW   TIME   DAYS  DAYS RAIN AVG  HI  TIME    DIR BAROM HUM
---------------------------------------------------------------------------------------
1    44.9  52.7  12:44pm  39.0   1:23am   20    0  0.33   0  14  10:42am   N 30.04   95
2    44.2  60.8   1:29pm  34.9   7:52am   21    0  0.00   0   5   1:26pm   N 30.12   90
3    45.2  61.7   1:07pm  36.1   7:10am   20    0  0.01   0   8  11:16am   S 30.13   88
4    46.3  51.1   2:06pm  42.6   7:13am   19    0  0.22   0  14   9:15pm  NE 29.96   94
5    49.6  54.6   3:50pm  46.5   3:09am   15    0  0.31   0   2   2:34am   S 29.86   97
6    51.7  66.1   1:25pm  43.8  11:59pm   13    0  0.00   0   5   1:23pm   S 29.92   93
7    48.4  68.2   1:23pm  38.5   8:00am   17    0  0.01   0   5   1:20pm SSE 30.15   92
8    48.1  69.5   1:24pm  38.3   8:00am   17    0  0.00   0   7   2:32pm   S 30.28   90
9    46.6  59.3   1:27pm  37.9   6:24am   18    0  0.00   0  10   2:17pm   N 30.29   94
10   47.2  59.1   2:29pm  40.2  11:56pm   18    0  0.01   0   3   1:16pm NNW 30.19   92
11   45.3  66.3   1:33pm  34.8   7:25am   20    0  0.00   0   5   2:24pm   N 30.19   86
12   50.5  70.7   1:29pm  39.7  11:50pm   15    0  0.00   0   5   4:53pm NNE 30.24   84
13   45.8  70.5   1:39pm  34.1   7:50am   19    0  0.01   0   9   1:20pm   S 30.21   85
14   49.0  57.8   1:10pm  38.6   3:05am   11    0  0.02   2  21  11:31am SSE 30.10   89
---------------------------------------------------------------------------------------
TOT  47.3  70.7 12/12/18  34.1 12/13/18  243    1  0.92   0  21 12/14/18   S 30.12   91

HEAT BASE: 65.0
COOL BASE: 65.0

From Boulder-Creek.com Weather Station

Month for Current Year NOAA Weather Summary

                  YEARLY CLIMATOLOGICAL SUMMARY FOR 2018
                                        HEAT  COOL        
     MEAN                               DEG   DEG       WIND SPEED       DOM MEAN  MEAN
MON  TEMP  HIGH   DATE     LOW   DATE   DAYS  DAYS RAIN AVG  HI  DATE    DIR BAROM HUM
---------------------------------------------------------------------------------------
1    51.4  81.0  1/31/18  35.7  1/13/18  275    4  7.87   0  13   1/9/18   S 30.11   92
2    48.7  87.2   2/8/18  25.2  2/24/18  489   33  0.77   1  16  2/22/18   N 30.12   71
3    50.3  94.1  3/29/18  27.9   3/5/18  487   33 11.12   1  22  3/21/18   S 30.05   82
4    55.0  93.1  4/22/18  34.8  4/13/18  358   57  2.90   1  14   4/1/18   N 30.07   73
5    58.0  97.1  5/28/18  41.8   5/1/18  287   70  0.07   1  16  5/18/18   N 29.99   74
6    63.6 104.1  6/23/18  41.7  6/10/18  202  161  0.00   1  16   6/9/18   S 29.92   67
7    69.9 108.2  7/25/18  47.1   7/5/18  107  247  0.01   1  16   7/1/18   S 29.97   62
8    67.1 103.0   8/6/18  46.1   8/3/18  146  211  0.00   1  16  8/10/18   S 29.95   65
9    62.6 103.6   9/7/18  40.2  9/24/18  218  146  0.00   1  15  9/21/18   S 29.91   68
10   60.0  94.0 10/19/18  37.6 10/16/18  265  109  0.00   1  14  10/3/18   S 29.97   67
11   52.6  89.6  11/1/18  30.7 11/10/18  418   46  7.55   1  26 11/29/18   N 30.06   69
12   47.3  70.7 12/12/18  34.1 12/13/18  243    1  0.92   0  21 12/14/18   S 30.12   91
---------------------------------------------------------------------------------------
TOT  57.9 108.2  7/25/18  25.2  2/24/18 3495 1119  8.46   1  26 11/29/18   S 30.01   72

HEAT BASE: 65.0
COOL BASE: 65.0

From Boulder-Creek.com Weather Station