Day for Current Month NOAA Weather Summary

                  MONTHLY CLIMATOLOGICAL SUMMARY FOR 11/2017
                                        HEAT  COOL        
     MEAN                               DEG   DEG       WIND SPEED       DOM MEAN  MEAN
DAY  TEMP  HIGH   TIME     LOW   TIME   DAYS  DAYS RAIN AVG  HI  TIME    DIR BAROM HUM
---------------------------------------------------------------------------------------
1    52.5  77.0   2:07pm  38.8   8:09am   14    1  0.00   0   7   3:39pm   S 29.95   78
2    51.3  65.6   2:31pm  39.5   7:52am   14    0  0.00   0  10   3:22pm   S 30.02   77
3    52.2  59.6   2:10pm  47.7  12:00am   13    0  0.15   0   9   3:35pm   S 30.03   93
4    51.4  57.8   4:00pm  39.8  11:55pm   14    0  0.01   0   7   1:59pm NNW 30.03   92
5    45.6  63.8   1:08pm  36.7   6:57am   19    0  0.01   0   8  10:51am NNW 30.13   84
6    48.2  66.5  12:58pm  36.7   1:42am   17    0  0.00   0   7  11:31am SSE 30.13   81
7    47.4  70.0   1:09pm  33.2   7:18am   18    0  0.00   1  11  11:14am   S 30.11   77
8    49.6  59.4   1:55pm  37.8   4:35am   15    0  0.50   1  17   8:05pm   S 30.01   89
9    56.7  60.5   2:04pm  52.2  11:57pm    8    0  0.84   0  11  12:12am ENE 30.03   96
10   54.0  62.2   1:54pm  48.0   7:17am   11    0  0.02   0   3  11:52am SSE 30.06   95
11   52.7  70.6   1:24pm  44.6   7:21am   13    0  0.00   0   7   5:09pm SSE 30.08   91
12   50.4  71.1   1:11pm  40.5   7:58am   15    0  0.00   0   5   1:00pm SSE 30.13   88
13   53.2  67.1   1:58pm  42.3   3:18am   12    0  0.05   0   4   5:07pm NNE 30.20   92
14   55.4  72.6   1:08pm  44.9  11:55pm   10    1  0.01   0   0  12:00am   N 30.17   86
15   51.9  67.3  12:37pm  44.1  12:54am   13    0  0.09   0   9  11:58am   S 30.00   87
16   56.5  58.7  11:12am  53.1  11:57pm    8    0  2.65   2  15  12:20pm SSE 29.89   97
17   49.6  62.0   1:23pm  39.3  11:53pm   15    0  0.03   0  10   1:31am NNW 30.13   90
18   44.9  66.9   1:18pm  32.8   7:32am   20    0  0.00   0   8   1:00pm SSE 30.19   87
19   47.9  70.1   1:10pm  33.8   7:32am   17    0  0.01   0   1  12:00am NNW 30.13   88
20   56.7  72.0   1:28pm  48.2   6:29am    9    1  0.00   0   5   1:27pm   S 30.09   86
21   59.3  83.3   1:20pm  47.8   7:08am    8    3  0.00   0   8   2:36pm   S 30.11   88
22   50.1  53.5  12:00am  47.8   6:55am    5    0  0.00   0   2   1:34am   S 30.12   96
---------------------------------------------------------------------------------------
TOT  51.8  83.3 11/21/17  32.8 11/18/17  288    7  4.63   0  15  11/8/17   S 30.08   88

HEAT BASE: 65.0
COOL BASE: 65.0

From Boulder-Creek.com Weather Station

Month for Current Year NOAA Weather Summary

                  YEARLY CLIMATOLOGICAL SUMMARY FOR 2017
                                        HEAT  COOL        
     MEAN                               DEG   DEG       WIND SPEED       DOM MEAN  MEAN
MON  TEMP  HIGH   DATE     LOW   DATE   DAYS  DAYS RAIN AVG  HI  DATE    DIR BAROM HUM
---------------------------------------------------------------------------------------
1    45.3  78.2  1/30/17  27.9   1/6/17  614    3 27.32   1  29   1/8/17   S 30.06   91
2    49.7  76.0  2/14/17  30.7  2/25/17  430    2 21.24   1  29  2/20/17   S 30.01   89
3    53.6  92.7  3/13/17  30.0   3/1/17  402   48  6.36   1  20  3/21/17   N 30.12   78
4    55.3  92.7  4/30/17  33.6  4/10/17  343   52  6.02   1  25   4/7/17   N 30.05   74
5    60.0 100.3  5/20/17  38.2  5/18/17  268  114  0.03   1  18   5/5/17   N 29.95   70
6    65.5 105.4  6/17/17  41.3   6/5/17  169  185  0.05   1  16  6/18/17   S 29.92   68
7    69.1 110.4   7/7/17  46.2  7/22/17  141  267  0.00   1  15   7/2/17   S 29.94   62
8    68.7 110.3  8/31/17  46.2  8/31/17  118  233  0.00   1  15   8/1/17   S 29.90   69
9    67.1 120.6   9/2/17  39.9  9/24/17  136  200  0.00   1  16  9/11/17   S 29.90   65
10   59.7 104.7 10/24/17  35.1 10/13/17  302  138  0.30   1  14 10/15/17   N 29.99   61
11   51.8  83.3 11/21/17  32.8 11/18/17  288    7  4.63   0  15  11/8/17   S 30.08   88
---------------------------------------------------------------------------------------
TOT  59.0 120.6   9/2/17  27.9   1/6/17 3210 1250  4.92   1  29   1/8/17   S 29.99   73

HEAT BASE: 65.0
COOL BASE: 65.0

From Boulder-Creek.com Weather Station