Day for Current Month NOAA Weather Summary

                  MONTHLY CLIMATOLOGICAL SUMMARY FOR 8/2019
                                        HEAT  COOL        
     MEAN                               DEG   DEG       WIND SPEED       DOM MEAN  MEAN
DAY  TEMP  HIGH   TIME     LOW   TIME   DAYS  DAYS RAIN AVG  HI  TIME    DIR BAROM HUM
---------------------------------------------------------------------------------------
1    65.4  87.2  12:56pm  53.8   6:32am    5    5  0.00   1  12   7:18pm   N 30.02   74
2    69.3  94.1   1:35pm  53.9   6:29am    4    8  0.00   1  13   5:16pm NNW 30.01   67
3    70.7  99.2   2:27pm  48.8   7:01am    5   10  0.00   1  12   5:14pm  NW 29.93   64
4    70.0  98.0   1:48pm  53.5   6:52am    4    9  0.00   1  10   1:49pm  NW 29.93   68
5    68.8  87.8  12:07pm  56.2   5:04am    3    7  0.00   1  12   1:46pm   S 29.94   72
6    66.6  87.5   3:01pm  54.3   7:07am    4    6  0.00   1  14   2:22pm   S 29.91   74
7    65.5  90.0   2:15pm  54.7   5:16am    5    5  0.00   1  17   5:50pm NNW 29.93   71
8    63.3  79.5   2:53pm  54.5   7:19am    5    3  0.00   1  13   4:48pm   N 29.98   72
9    67.3  90.0   2:56pm  53.4   6:56am    4    6  0.00   1  11   6:43pm   N 29.94   70
10   69.3  87.6   3:06pm  59.1   1:20am    2    6  0.00   1   9   2:10pm   N 29.95   72
11   68.5  92.7   3:03pm  51.9   7:06am    4    8  0.00   1  10   5:20pm   N 30.00   66
12   70.6 100.7   1:56pm  49.2   7:02am    5   10  0.00   1  11   5:23pm   N 29.96   58
13   72.8 100.7   2:42pm  49.5   7:12am    4   12  0.00   1  11   3:40pm   S 29.94   55
14   77.3 108.4   1:50pm  52.4   7:21am    3   15  0.00   1  11  12:18pm   N 29.93   53
15   76.6 105.1   1:53pm  54.8   7:25am    2   14  0.00   1  11  12:42pm   S 29.89   56
16   69.1  90.6   2:34pm  53.6   7:16am    3    7  0.00   1  15  12:26pm   S 29.84   66
17   59.2  65.4   3:04pm  55.3   7:19am    6    0  0.00   2  12  10:40am   S 29.86   87
18   61.1  68.1   2:39pm  56.5   7:01am    4    0  0.00   2  11  12:03pm   S 29.89   84
19   62.9  83.1   3:04pm  54.5  11:57pm    5    3  0.00   1  11   6:13pm NNW 29.96   80
20   63.9  84.8   2:37pm  51.1   7:22am    6    5  0.00   1  13   5:28pm   N 29.99   76
21   52.2  56.4  12:00am  48.9   7:15am    4    0  0.00   0   2   1:51am   S 29.98   92
---------------------------------------------------------------------------------------
TOT  67.6 108.4  8/14/19  48.8   8/3/19   87  141  0.00   1  17   8/7/19   S 29.94   70

HEAT BASE: 65.0
COOL BASE: 65.0

From Boulder-Creek.com Weather Station

Month for Current Year NOAA Weather Summary

                  YEARLY CLIMATOLOGICAL SUMMARY FOR 2019
                                        HEAT  COOL        
     MEAN                               DEG   DEG       WIND SPEED       DOM MEAN  MEAN
MON  TEMP  HIGH   DATE     LOW   DATE   DAYS  DAYS RAIN AVG  HI  DATE    DIR BAROM HUM
---------------------------------------------------------------------------------------
1    49.0  78.9  1/27/19  26.9   1/2/19  503    7 15.22   1  28  1/16/19   S 30.08   89
2    44.7  65.5  2/24/19  27.6  2/19/19  568    0 21.32   1  28   2/2/19   N 29.98   88
3    50.3  86.1  3/17/19  30.8  3/14/19  474   19  8.07   1  25  3/27/19   N 30.06   82
4    57.4  97.0  4/23/19  39.9  4/13/19  299   71  0.91   1  15  4/11/19   S 30.02   76
5    56.8  87.8   5/2/19  37.6   5/4/19  313   60  4.44   1  33  5/15/19   S 29.93   78
6    65.2 109.1  6/11/19  44.7   6/7/19  167  174  0.00   1  16  6/18/19   S 29.93   69
7    66.7 106.2  7/24/19  47.8   7/9/19  149  202  0.01   1  14   7/5/19   S 29.95   68
8    67.6 108.4  8/14/19  48.8   8/3/19   87  141  0.00   1  17   8/7/19   S 29.94   70
---------------------------------------------------------------------------------------
TOT  56.9 109.1  6/11/19  26.9   1/2/19 2560  673 49.97   1  33  5/15/19   S 29.99   78

HEAT BASE: 65.0
COOL BASE: 65.0

From Boulder-Creek.com Weather Station