Day for Current Month NOAA Weather Summary

                  MONTHLY CLIMATOLOGICAL SUMMARY FOR 5/2017
                                        HEAT  COOL        
     MEAN                               DEG   DEG       WIND SPEED       DOM MEAN  MEAN
DAY  TEMP  HIGH   TIME     LOW   TIME   DAYS  DAYS RAIN AVG  HI  TIME    DIR BAROM HUM
---------------------------------------------------------------------------------------
1    69.0  96.3   2:35pm  47.2   6:49am    6   10  0.00   1  12  12:15pm   N 29.99   56
2    71.9  96.7   2:20pm  52.1   6:53am    4   11  0.00   1  10  10:34am NNW 29.92   56
3    73.0  98.8  12:39pm  53.0   7:02am    3   11  0.00   1  14   2:54pm   S 29.90   60
4    66.4  85.9   2:29pm  53.6   7:04am    4    6  0.00   1  12   1:22pm   S 29.90   68
5    55.0  67.0  12:24pm  48.2  11:20pm   10    0  0.00   2  18   1:46pm   N 29.93   78
6    51.3  59.2   4:39pm  44.3  11:59pm   14    0  0.00   2  18   7:39am   N 29.81   71
7    56.0  75.2   2:02pm  42.7   5:59am   11    2  0.00   1  13  12:48pm   S 29.81   73
8    57.7  80.8   2:50pm  41.1   6:54am   10    3  0.00   1  14   3:25pm   S 29.92   72
9    62.1  91.0  12:36pm  43.1   6:31am    9    6  0.00   1  13   7:05pm   S 29.85   68
10   56.2  68.0   2:53pm  50.2   1:46am    9    0  0.00   2  12   3:28pm   S 30.03   80
11   58.1  73.4   3:14pm  51.5  11:57pm    8    1  0.00   1  11   5:14pm   N 30.13   78
12   54.8  69.2   2:15pm  46.9   3:25am   11    0  0.00   2  14  10:26am   N 30.13   68
13   54.1  71.8   1:13pm  42.9   7:10am   12    1  0.00   1  12   5:53pm   N 30.06   66
14   52.9  65.5   1:13pm  45.7  11:54pm   12    0  0.00   1  10   2:18pm   N 29.94   73
15   54.7  73.5   2:33pm  45.4  12:16am   11    1  0.00   1  11   4:20pm   N 29.92   73
16   53.7  63.6   3:53pm  48.7   3:49am   11    0  0.02   1  11   2:57pm   N 30.05   81
17   57.7  78.8   3:06pm  45.4  11:59pm    9    2  0.01   1  12   6:44pm   N 30.03   70
18   60.2  87.2   2:42pm  38.2   6:26am   10    6  0.00   1  13   6:51pm   N 29.97   59
19   66.8  95.9   2:57pm  42.7   6:34am    7    9  0.00   1  10  12:43pm   S 29.93   55
20   69.4 100.3   2:56pm  44.9   6:36am    6   10  0.00   1  12   6:43pm   N 29.92   52
21   68.4  96.0   1:51pm  47.7   6:51am    6    9  0.00   1  13   1:03pm   S 29.90   56
22   64.7  91.7   3:00pm  45.8   6:25am    7    7  0.00   1  14   4:07pm   S 29.94   67
23   64.2  87.5   1:02pm  50.5   5:43am    6    6  0.00   2  14   2:41pm   S 29.93   72
24   58.4  77.2   2:28pm  50.5   4:11am    8    2  0.00   2  17   2:56pm   S 29.83   78
25   54.2  57.8   3:26pm  51.1   5:08am   11    0  0.00   2  13   5:02pm   S 29.81   84
26   55.0  61.0   5:01pm  47.8  11:59pm   10    0  0.00   1  12  11:58am   S 29.97   80
---------------------------------------------------------------------------------------
TOT  60.2 100.3  5/20/17  38.2  5/18/17  226  102  0.03   1  18   5/5/17   S 29.94   69

HEAT BASE: 65.0
COOL BASE: 65.0

From Boulder-Creek.com Weather Station

Month for Current Year NOAA Weather Summary

                  YEARLY CLIMATOLOGICAL SUMMARY FOR 2017
                                        HEAT  COOL        
     MEAN                               DEG   DEG       WIND SPEED       DOM MEAN  MEAN
MON  TEMP  HIGH   DATE     LOW   DATE   DAYS  DAYS RAIN AVG  HI  DATE    DIR BAROM HUM
---------------------------------------------------------------------------------------
1    45.3  78.2  1/30/17  27.9   1/6/17  614    3 27.32   1  29   1/8/17   S 30.06   91
2    49.7  76.0  2/14/17  30.7  2/25/17  430    2 21.24   1  29  2/20/17   S 30.01   89
3    53.6  92.7  3/13/17  30.0   3/1/17  402   48  6.36   1  20  3/21/17   N 30.12   78
4    55.3  92.7  4/30/17  33.6  4/10/17  343   52  6.02   1  25   4/7/17   N 30.05   74
5    60.2 100.3  5/20/17  38.2  5/18/17  226  102  0.03   1  18   5/5/17   S 29.94   69
---------------------------------------------------------------------------------------
TOT  52.6 100.3  5/20/17  27.9   1/6/17 2014  208 60.97   1  29   1/8/17   S 30.04   80

HEAT BASE: 65.0
COOL BASE: 65.0

From Boulder-Creek.com Weather Station