Day for Current Month NOAA Weather Summary

                  MONTHLY CLIMATOLOGICAL SUMMARY FOR 2/2018
                                        HEAT  COOL        
     MEAN                               DEG   DEG       WIND SPEED       DOM MEAN  MEAN
DAY  TEMP  HIGH   TIME     LOW   TIME   DAYS  DAYS RAIN AVG  HI  TIME    DIR BAROM HUM
---------------------------------------------------------------------------------------
1    54.3  81.2   1:40pm  39.8   7:10am   13    2  0.00   0   4   1:10pm   N 30.09   72
2    56.8  80.7   1:47pm  42.7   7:26am   11    3  0.00   0   6  12:32pm   N 30.13   72
3    60.7  84.7   1:30pm  48.3   7:57am    8    3  0.00   0   4   2:56am   S 30.11   66
4    56.4  79.6   1:18pm  44.2   7:21am   11    2  0.00   0   5   3:14pm SSE 30.08   76
5    57.3  83.6   1:40pm  41.9   7:11am   11    4  0.00   0   8  12:47pm   N 30.01   71
6    57.7  80.5   1:46pm  44.3  11:50pm   10    3  0.00   0   5  11:39am   N 30.05   58
7    54.2  83.8   1:40pm  37.3   7:40am   14    3  0.00   0   9  12:10pm   S 30.21   66
8    55.5  87.2   1:40pm  37.8   7:30am   13    4  0.00   0   9   3:00pm   S 30.17   67
9    57.7  87.1   1:42pm  40.2   7:52am   11    4  0.00   0   9   1:09pm   N 30.04   67
10   55.8  75.2   1:02pm  44.7   8:10am   10    1  0.00   1   9   1:09pm   N 29.93   60
11   47.5  66.4   2:07pm  32.5   7:50am   18    0  0.00   1  12   4:51pm   N 29.92   67
12   48.9  62.5   1:07pm  36.8  11:57pm   16    0  0.00   1  12   4:08am   N 29.89   69
13   45.5  69.3   1:29pm  30.8   7:57am   20    0  0.00   0  15   2:19pm   S 30.12   70
14   46.8  64.8   1:50pm  33.5   5:30am   18    0  0.00   1  11   3:40pm   N 30.18   69
15   48.9  67.9   1:22pm  35.2  11:59pm   16    0  0.00   1   9   2:10pm   N 30.24   63
16   46.7  74.4   1:13pm  29.0   7:07am   19    1  0.00   0   8   2:11pm   N 30.23   62
17   50.7  80.6   1:12pm  32.5   7:18am   16    2  0.00   0   8   1:35pm   N 30.12   68
18   48.7  54.3   1:21pm  45.5   2:07am   11    0  0.00   1  15   1:27pm   N 30.02   81
---------------------------------------------------------------------------------------
TOT  52.9  87.2   2/8/18  29.0  2/16/18  247   33  0.00   0  15  2/18/18   N 30.09   68

HEAT BASE: 65.0
COOL BASE: 65.0

From Boulder-Creek.com Weather Station

Month for Current Year NOAA Weather Summary

                  YEARLY CLIMATOLOGICAL SUMMARY FOR 2018
                                        HEAT  COOL        
     MEAN                               DEG   DEG       WIND SPEED       DOM MEAN  MEAN
MON  TEMP  HIGH   DATE     LOW   DATE   DAYS  DAYS RAIN AVG  HI  DATE    DIR BAROM HUM
---------------------------------------------------------------------------------------
1    51.4  81.0  1/31/18  35.7  1/13/18  275    4  7.87   0  13   1/9/18   S 30.11   92
2    52.9  87.2   2/8/18  29.0  2/16/18  247   33  0.00   0  15  2/18/18   N 30.09   68
---------------------------------------------------------------------------------------
TOT  52.1  87.2   2/8/18  29.0  2/16/18  522   37  7.87   0  15  2/18/18   N 30.10   81

HEAT BASE: 65.0
COOL BASE: 65.0

From Boulder-Creek.com Weather Station