Day for Current Month NOAA Weather Summary

                  MONTHLY CLIMATOLOGICAL SUMMARY FOR 9/2017
                                        HEAT  COOL        
     MEAN                               DEG   DEG       WIND SPEED       DOM MEAN  MEAN
DAY  TEMP  HIGH   TIME     LOW   TIME   DAYS  DAYS RAIN AVG  HI  TIME    DIR BAROM HUM
---------------------------------------------------------------------------------------
1    82.4 118.0   2:22pm  58.7   7:00am    1   19  0.00   0  10   3:33pm NNW 29.78   41
2    85.7 120.6   2:23pm  62.2   7:02am    0   21  0.00   1  11   2:41pm NNW 29.77   41
3    80.9 106.9   2:43pm  66.7   5:38am    0   16  0.00   1  11  12:48pm   S 29.87   47
4    70.8  79.4   3:37pm  64.3   6:57am    0    6  0.00   1  12   3:05pm SSE 29.86   74
5    73.9  92.0   2:42pm  63.1  11:56pm    0    9  0.00   1  15   4:38pm   S 29.93   74
6    68.0  82.2   1:32pm  59.6   3:07am    2    5  0.00   1  11  12:53pm   S 29.95   78
7    65.7  75.3   3:53pm  57.7  11:56pm    1    2  0.00   0   6   5:49pm   N 29.94   82
8    66.2  89.4   2:33pm  53.3   5:48am    4    5  0.00   1   9  12:18pm   S 29.88   78
9    70.1  93.5   2:40pm  58.4   7:06am    3    8  0.00   1  10   1:52pm   S 29.95   73
10   75.6 105.0   2:11pm  54.4   7:25am    3   14  0.00   0   7   2:14pm   S 29.91   60
11   75.7 102.3   1:39pm  62.8   5:21am    0   11  0.00   1  16   2:06am   S 29.87   59
12   69.9  91.7   1:11pm  59.0   7:18am    1    6  0.00   1  17   3:29pm   S 29.88   74
13   64.0  71.9   2:51pm  60.3   6:40am    2    1  0.00   1   8   2:33pm   S 29.86   84
14   65.1  83.2   2:05pm  55.7  11:57pm    3    3  0.00   1  10   6:17pm   N 29.89   71
15   62.3  83.1   1:34pm  51.3   5:55am    6    3  0.00   1   9   3:35pm   N 29.92   72
16   62.1  84.9   2:25pm  46.2   7:05am    8    5  0.00   1  10   3:43pm   S 29.91   74
17   61.9  87.5   2:19pm  44.7   7:17am    8    5  0.00   1  12   5:02pm   S 29.94   72
18   64.4  78.9   1:51pm  56.8  10:44pm    3    3  0.00   1  11   4:16pm   N 29.96   79
19   62.2  81.1   2:08pm  51.0   6:37am    6    3  0.00   1  10  12:25am   N 29.99   67
20   50.0  53.2  12:00am  48.4   4:26am    5    0  0.00   0   0  12:00am   N 29.98   90
---------------------------------------------------------------------------------------
TOT  69.5 120.6   9/2/17  44.7  9/17/17   57  144  0.00   1  16  9/11/17   S 29.90   69

HEAT BASE: 65.0
COOL BASE: 65.0

From Boulder-Creek.com Weather Station

Month for Current Year NOAA Weather Summary

                  YEARLY CLIMATOLOGICAL SUMMARY FOR 2017
                                        HEAT  COOL        
     MEAN                               DEG   DEG       WIND SPEED       DOM MEAN  MEAN
MON  TEMP  HIGH   DATE     LOW   DATE   DAYS  DAYS RAIN AVG  HI  DATE    DIR BAROM HUM
---------------------------------------------------------------------------------------
1    45.3  78.2  1/30/17  27.9   1/6/17  614    3 27.32   1  29   1/8/17   S 30.06   91
2    49.7  76.0  2/14/17  30.7  2/25/17  430    2 21.24   1  29  2/20/17   S 30.01   89
3    53.6  92.7  3/13/17  30.0   3/1/17  402   48  6.36   1  20  3/21/17   N 30.12   78
4    55.3  92.7  4/30/17  33.6  4/10/17  343   52  6.02   1  25   4/7/17   N 30.05   74
5    60.0 100.3  5/20/17  38.2  5/18/17  268  114  0.03   1  18   5/5/17   N 29.95   70
6    65.5 105.4  6/17/17  41.3   6/5/17  169  185  0.05   1  16  6/18/17   S 29.92   68
7    69.1 110.4   7/7/17  46.2  7/22/17  141  267  0.00   1  15   7/2/17   S 29.94   62
8    68.7 110.3  8/31/17  46.2  8/31/17  118  233  0.00   1  15   8/1/17   S 29.90   69
9    69.5 120.6   9/2/17  44.7  9/17/17   57  144  0.00   1  16  9/11/17   S 29.90   69
---------------------------------------------------------------------------------------
TOT  59.3 120.6   9/2/17  27.9   1/6/17 2541 1049 61.02   1  29   1/8/17   S 29.99   74

HEAT BASE: 65.0
COOL BASE: 65.0

From Boulder-Creek.com Weather Station