Day for Current Month NOAA Weather Summary

                  MONTHLY CLIMATOLOGICAL SUMMARY FOR 11/2020
                                        HEAT  COOL        
     MEAN                               DEG   DEG       WIND SPEED       DOM MEAN  MEAN
DAY  TEMP  HIGH   TIME     LOW   TIME   DAYS  DAYS RAIN AVG  HI  TIME    DIR BAROM HUM
---------------------------------------------------------------------------------------
1    60.2  92.3   1:11pm  40.7   7:18am   11    6  0.00   0   9  12:43pm   S 30.10   50
2    62.4  94.9   1:05pm  42.8   6:54am    9    6  0.00   0   7   1:59pm   S 30.06   49
3    58.6  87.6   1:08pm  42.2   7:20am   11    4  0.00   0  11   2:35pm   S 30.05   58
4    59.9  85.5   1:12pm  42.0   5:43am   10    5  0.00   0   8  12:14pm NNW 30.17   70
5    63.7  94.2   1:06pm  47.0   7:42am    7    6  0.00   0  10   2:08pm   S 30.04   67
6    53.9  62.1   1:04pm  45.8   9:50pm   11    0  0.04   1  15   3:56am   N 29.77   71
7    49.1  61.0   1:04pm  42.2   7:28am   16    0  0.04   0   9  10:34pm   N 29.73   81
8    46.6  53.8  10:28am  33.4  11:59pm   18    0  0.00   1  15  10:32am   N 29.83   73
9    41.1  62.3   1:19pm  27.9   7:28am   24    0  0.00   0   5   2:25pm   S 30.17   70
10   46.0  69.3   1:07pm  28.5   7:02am   19    0  0.00   0  12   2:55pm   S 30.22   67
11   51.3  64.3   3:06pm  39.3   7:41am   14    0  0.00   0   7  10:23am   S 30.07   76
12   48.7  71.0   1:13pm  36.0   7:25am   17    0  0.00   0   7  11:16am SSW 30.07   77
13   46.9  63.2  12:58pm  34.7   6:50am   18    0  0.28   0   9   1:50pm   S 30.15   86
14   51.3  68.3   1:15pm  41.6  11:58pm   14    0  0.00   0   1   4:41am   N 30.24   88
15   50.3  76.6   1:07pm  34.6   7:21am   16    1  0.00   0   0  12:00am   N 30.24   80
16   53.7  82.7   1:16pm  38.5   7:17am   14    3  0.00   0  11   2:30pm   S 30.01   74
17   53.6  61.1   5:35am  43.1   3:27am   11    0  0.74   2  21   5:35am SSE 29.92   87
18   55.5  60.0   2:39pm  49.5  11:56pm   10    0  0.61   0  10  12:02am SSE 30.07   95
19   49.5  67.6  12:44pm  40.3   7:39am   16    0  0.00   0   6   1:55pm   N 30.25   84
20   45.7  66.5   1:20pm  35.8   7:25am   19    0  0.00   0   0  12:00am   N 30.22   82
21   43.5  66.5   1:29pm  31.1   6:34am   22    0  0.00   0   0  12:00am   N 30.16   82
22   48.3  70.2   1:20pm  35.2   7:40am   13    0  0.00   0   5   3:35pm NNW 30.10   79
23   49.7  65.9   1:20pm  41.6  11:50pm   15    0  0.00   0   8   2:50pm NNW 30.03   86
24   47.7  70.2   1:20pm  35.2   7:40am   17    0  0.00   0   5   3:35pm NNW 30.11   81
25   49.1  64.7   1:10pm  39.3  11:56pm   16    0  0.00   0   6  11:05am   N 30.19   82
---------------------------------------------------------------------------------------
TOT  51.3  94.9  11/2/20  27.9  11/9/20  367   32  1.71   0  21 11/17/20   N 30.08   76

HEAT BASE: 65.0
COOL BASE: 65.0

From Boulder-Creek.com Weather Station

Month for Current Year NOAA Weather Summary

                  YEARLY CLIMATOLOGICAL SUMMARY FOR 2020
                                        HEAT  COOL        
     MEAN                               DEG   DEG       WIND SPEED       DOM MEAN  MEAN
MON  TEMP  HIGH   DATE     LOW   DATE   DAYS  DAYS RAIN AVG  HI  DATE    DIR BAROM HUM
---------------------------------------------------------------------------------------
1    46.9  78.7  1/31/20  30.9  1/15/20  564    3  2.92   0  16  1/16/20   N 30.21   90
2    50.7  87.4  2/27/20  28.7   2/5/20  447   34  0.02   0  18   2/9/20   S 30.13   70
3    50.1  83.2  3/12/20  36.3  3/26/20  477   14  2.81   0  16   3/2/20   S 30.04   81
4    56.1  95.6  4/24/20  32.7   4/2/20  333   65  3.55   0  23   4/5/20   N 30.04   75
5    61.9 104.4  5/25/20  35.7   5/4/20  231  136  1.06   0  15  5/11/20   S 29.98   69
6    65.1 106.5   6/3/20  41.5   6/9/20  169  173  0.00   1  19  6/15/20   S 29.94   66
7    65.7 102.3  7/11/20  44.4   7/4/20  164  185  0.02   1  16  7/19/20   S 29.92   69
8
9    68.6 121.8   9/6/20  46.5  9/12/20  119  218  0.00   0  13  9/21/20   S 29.94   66
10   64.8 105.1 10/17/20  37.7 10/29/20  207  200  0.00   0  16  10/3/20   S 29.97   57
11   51.3  94.9  11/2/20  27.9  11/9/20  374   32  1.71   0  21 11/17/20   N 30.08   76
---------------------------------------------------------------------------------------
TOT  59.0 121.8   9/6/20  27.9  11/9/20 3143 1242  1.70   0  23   4/5/20   S 30.02   71

HEAT BASE: 65.0
COOL BASE: 65.0

From Boulder-Creek.com Weather Station