Day for Current Month NOAA Weather Summary

                  MONTHLY CLIMATOLOGICAL SUMMARY FOR 4/2018
                                        HEAT  COOL        
     MEAN                               DEG   DEG       WIND SPEED       DOM MEAN  MEAN
DAY  TEMP  HIGH   TIME     LOW   TIME   DAYS  DAYS RAIN AVG  HI  TIME    DIR BAROM HUM
---------------------------------------------------------------------------------------
1    57.2  82.8   1:48pm  39.6   7:15am   11    3  0.00   1  15   3:18pm   N 29.93   64
2    56.7  80.9   2:02pm  45.4  11:58pm   10    2  0.00   1  14   4:46pm NNW 29.90   68
3    57.1  84.4   2:53pm  37.3   7:26am   12    4  0.00   1   9   1:00pm   S 29.98   64
4    56.4  77.0   2:07pm  43.8   7:18am   11    2  0.00   0   9   5:46pm   N 30.05   60
5    55.1  68.0   3:03pm  43.5   6:24am   10    0  0.02   0   6  12:40pm   S 30.08   61
6    55.8  60.0   1:39pm  52.4   4:11am    9    0  1.21   1  15  11:25am   E 29.96   95
7    57.9  70.0   2:16pm  48.1  11:38pm    7    0  0.97   1  11  12:56am   N 30.00   85
8    54.1  73.8   1:54pm  44.0  11:59pm   12    1  0.00   1  12   3:20pm   N 30.16   77
9    59.9  85.8   2:26pm  38.6   6:47am   11    5  0.00   1  11   3:04pm   S 30.04   70
10   57.9  74.6   1:10pm  46.5  11:50pm    8    1  0.00   1  11   6:40pm   N 30.05   78
11   50.4  66.8   1:40pm  38.2   6:00am   15    0  0.27   1  12   5:10pm   N 30.04   79
12   48.4  61.2   2:20pm  39.8   6:40am   17    0  0.11   1  12   2:00pm   N 30.26   79
13   53.2  76.5   2:40pm  34.8   7:20am   14    2  0.00   1   9   3:50pm NNW 30.37   68
14   58.1  85.9   2:30pm  38.8   7:10am   11    5  0.00   1  11   5:30pm NNW 30.23   65
15   52.7  76.2   1:00pm  40.1   7:20am   14    1  0.09   1  13   4:00pm   N 29.99   71
16   45.9  53.1   2:24pm  41.6   9:30am   19    0  0.20   1  12   8:50am   N 30.04   89
17   49.6  69.5   1:12pm  36.9   7:34am   16    0  0.01   1  11   4:36pm   S 30.24   76
18   48.0  64.6   2:05pm  38.3   4:25am   17    0  0.00   1   8  10:46am   N 30.08   74
19   49.8  68.4  12:31pm  35.7   5:46am   15    0  0.00   1  14  12:39pm   N 30.09   76
20   55.7  84.0   1:16pm  35.9   7:11am   13    4  0.00   1  11   4:05pm  NW 30.16   69
21   61.6  91.3   2:32pm  39.3   6:54am   10    7  0.00   1   9   2:56pm   S 30.09   65
22   64.3  93.1   2:51pm  42.3   7:20am    8    7  0.00   1  11   2:12pm   S 29.95   62
---------------------------------------------------------------------------------------
TOT  54.8  93.1  4/22/18  34.8  4/13/18  269   45  2.88   1  14   4/1/18   N 30.08   72

HEAT BASE: 65.0
COOL BASE: 65.0

From Boulder-Creek.com Weather Station

Month for Current Year NOAA Weather Summary

                  YEARLY CLIMATOLOGICAL SUMMARY FOR 2018
                                        HEAT  COOL        
     MEAN                               DEG   DEG       WIND SPEED       DOM MEAN  MEAN
MON  TEMP  HIGH   DATE     LOW   DATE   DAYS  DAYS RAIN AVG  HI  DATE    DIR BAROM HUM
---------------------------------------------------------------------------------------
1    51.4  81.0  1/31/18  35.7  1/13/18  275    4  7.87   0  13   1/9/18   S 30.11   92
2    48.7  87.2   2/8/18  25.2  2/24/18  489   33  0.77   1  16  2/22/18   N 30.12   71
3    50.3  94.1  3/29/18  27.9   3/5/18  487   33 11.12   1  22  3/21/18   S 30.05   82
4    54.8  93.1  4/22/18  34.8  4/13/18  269   45  2.88   1  14   4/1/18   N 30.08   72
---------------------------------------------------------------------------------------
TOT  51.1  94.1  3/29/18  25.2  2/24/18 1520  116 22.64   1  22  3/21/18   N 30.09   79

HEAT BASE: 65.0
COOL BASE: 65.0

From Boulder-Creek.com Weather Station