Day for Current Month NOAA Weather Summary

                  MONTHLY CLIMATOLOGICAL SUMMARY FOR 2/2019
                                        HEAT  COOL        
     MEAN                               DEG   DEG       WIND SPEED       DOM MEAN  MEAN
DAY  TEMP  HIGH   TIME     LOW   TIME   DAYS  DAYS RAIN AVG  HI  TIME    DIR BAROM HUM
---------------------------------------------------------------------------------------
1    51.5  56.4  12:40pm  49.4   2:56am   14    0  1.07   2  24  12:01pm SSE 29.80   93
2    49.8  53.3   1:08pm  45.9   9:16pm   15    0  3.62   3  28   2:26pm SSE 29.49   93
3    49.7  52.2  11:19am  47.0   8:31pm   15    0  1.24   2  19  11:34pm SSE 29.66   95
4    43.9  48.6  12:46am  37.7  11:58pm   21    0  1.96   2  23  12:43am NNE 29.65   95
5    38.4  50.3   1:46pm  31.1  11:57pm   27    0  0.26   0  17   4:04am   N 29.91   89
6    39.5  54.7   1:01pm  29.8   8:06am   25    0  0.01   0  12  11:56am   N 30.19   88
7    40.9  57.8   1:34pm  30.3   7:43am   24    0  0.01   1  12  12:45pm   S 30.26   83
8    41.8  48.8  11:39am  37.4   1:43am   23    0  0.77   0  10  11:50am   S 30.05   94
9    43.5  51.1   1:44pm  38.1   7:43am   21    0  0.53   1  17   8:32pm SSE 29.95   95
10   41.4  49.6   2:00pm  34.9  11:40pm   24    0  0.36   1  17  12:20pm   N 30.03   90
11   39.4  51.3   1:30pm  32.3   8:00am   25    0  0.01   0   5   2:00pm WNW 30.22   90
12   40.7  50.3   7:04pm  31.7   4:40am   24    0  0.32   1  16   7:05pm SSE 30.01   89
13   50.4  57.2  11:53pm  44.4  12:07am   15    0  4.39   4  25   4:06pm SSE 29.64   97
14   51.0  58.7   2:20am  46.5   6:49pm   14    0  1.71   3  26  12:17am SSE 29.61   95
15   43.6  48.9  10:41am  39.2  11:06pm   21    0  0.63   1  18   7:25am NNE 30.01   95
16   43.0  51.0   1:43pm  39.2   1:55am   15    0  0.33   0  11  12:45pm   N 30.18   95
---------------------------------------------------------------------------------------
TOT  44.3  58.7  2/14/19  29.8   2/6/19  323    0 17.22   1  28   2/2/19 SSE 29.91   92

HEAT BASE: 65.0
COOL BASE: 65.0

From Boulder-Creek.com Weather Station

Month for Current Year NOAA Weather Summary

                  YEARLY CLIMATOLOGICAL SUMMARY FOR 2019
                                        HEAT  COOL        
     MEAN                               DEG   DEG       WIND SPEED       DOM MEAN  MEAN
MON  TEMP  HIGH   DATE     LOW   DATE   DAYS  DAYS RAIN AVG  HI  DATE    DIR BAROM HUM
---------------------------------------------------------------------------------------
1    49.0  78.9  1/27/19  26.9   1/2/19  503    7 15.22   1  28  1/16/19   S 30.08   89
2    44.3  58.7  2/14/19  29.8   2/6/19  323    0 17.22   1  28   2/2/19 SSE 29.91   92
---------------------------------------------------------------------------------------
TOT  47.4  78.9  1/27/19  26.9   1/2/19  826    7 32.44   1  28  1/16/19   S 30.02   90

HEAT BASE: 65.0
COOL BASE: 65.0

From Boulder-Creek.com Weather Station