Day for Current Month NOAA Weather Summary

                  MONTHLY CLIMATOLOGICAL SUMMARY FOR 12/2022
                                        HEAT  COOL        
     MEAN                               DEG   DEG       WIND SPEED       DOM MEAN  MEAN
DAY  TEMP  HIGH   TIME     LOW   TIME   DAYS  DAYS RAIN AVG  HI  TIME    DIR BAROM HUM
---------------------------------------------------------------------------------------
1    42.9  49.5  12:36pm  37.1  11:59pm   22    0  2.16   0  17   8:02am   S 29.92   95
2    40.1  58.1   1:22pm  31.3   5:14am   25    0  0.01   0   0  12:00am   N 30.13   91
3    45.7  51.7   5:03pm  37.7  12:00am   19    0  1.32   0   0  12:00am   N 29.99   97
4    48.8  53.1   2:42pm  45.6   2:26am   16    0  0.16   0   0  12:00am   N 30.08   97
5    48.3  55.0  12:40pm  45.1  10:27pm   17    0  0.35   0   5  11:30am   S 30.04   97
6    46.3  54.5   1:32pm  42.2  11:59pm   19    0  0.30   0   6  11:58am   S 30.06   95
7    43.8  60.1  12:34pm  35.6   7:37am   21    0  0.01   0   4  12:43am  NE 30.22   93
8    43.0  52.3   1:56pm  34.0   7:47am   22    0  0.25   0  12   9:03pm   S 30.28   93
9    46.9  51.4   3:37pm  43.3   8:12am   18    0  0.08   0   3   7:10pm  SW 30.15   96
---------------------------------------------------------------------------------------
TOT  45.1  60.1  12/7/22  31.3  12/2/22  179    0  4.64   0  17  12/1/22   S 30.10   95

HEAT BASE: 65.0
COOL BASE: 65.0

From Boulder-Creek.com Weather Station

Month for Current Year NOAA Weather Summary

                  YEARLY CLIMATOLOGICAL SUMMARY FOR 2022
                                        HEAT  COOL        
     MEAN                               DEG   DEG       WIND SPEED       DOM MEAN  MEAN
MON  TEMP  HIGH   DATE     LOW   DATE   DAYS  DAYS RAIN AVG  HI  DATE    DIR BAROM HUM
---------------------------------------------------------------------------------------
1    47.4  74.6  1/12/22  27.7   1/2/22  554   10  0.56   0  13   1/2/22   S 30.19   82
2    49.5  88.3  2/10/22  25.5  2/24/22  474   41  0.06   0  13  2/15/22   S 30.17   64
3    52.9  90.1  3/23/22  29.4  3/11/22  426   52  2.31   0  31  3/27/22   S 30.09   70
4    54.9 100.0   4/7/22  33.8  4/18/22  366   63  3.38   0  20  4/16/22   N 30.06   70
5    59.7 102.4  5/24/22  34.1  5/10/22  284  120  0.00   0  16  5/21/22   N 30.00   64
6    67.4 107.1  6/10/22  42.0   6/1/22  154  226  0.06   0  15  6/15/22   S 29.93   59
7    67.5  99.7  7/22/22  47.9   7/8/22  140  216  0.00   0  14   7/8/22   S 29.94   66
8    68.2 102.5   8/3/22  45.6  8/14/22  132  231  0.00   0  19  8/17/22   S 29.92   67
9    68.9 119.6   9/5/22  46.2  9/22/22  120  237  1.97   0  23  9/18/22   S 29.88   64
10   58.8 100.2 10/19/22  35.0 10/27/22  288   97  0.01   0  14  10/1/22   S 30.01   74
11   46.6  78.8 11/25/22  28.7 11/30/22  566   14  3.38   0  16  11/8/22   S 30.12   79
12   45.1  60.1  12/7/22  31.3  12/2/22  179    0  4.64   0  17  12/1/22   S 30.10   95
---------------------------------------------------------------------------------------
TOT  58.1 119.6   9/5/22  25.5  2/24/22 3684 1306  8.02   0  31  3/27/22   S 30.03   70

HEAT BASE: 65.0
COOL BASE: 65.0

From Boulder-Creek.com Weather Station